{"id":1772,"date":"2025-11-05T12:23:35","date_gmt":"2025-11-05T11:23:35","guid":{"rendered":"https:\/\/dmg-web.de\/sektion-semitistik\/sprecher-copy\/"},"modified":"2025-11-28T12:11:54","modified_gmt":"2025-11-28T11:11:54","slug":"institute","status":"publish","type":"page","link":"https:\/\/dmg-web.de\/sektion-semitistik\/institute\/","title":{"rendered":"Institute"},"content":{"rendered":"","protected":false},"excerpt":{"rendered":"","protected":false},"author":8,"featured_media":0,"parent":0,"menu_order":6,"comment_status":"closed","ping_status":"closed","template":"","meta":[],"class_list":["post-1772","page","type-page","status-publish","hentry"],"grid":"{\r\n  \"colCount\": 3,\r\n  \"colGutter\": 1,\r\n  \"rowGutters\": [\r\n    2,\r\n    2,\r\n    2,\r\n    2,\r\n    2,\r\n    2,\r\n    2,\r\n    2,\r\n    2,\r\n    2,\r\n    2,\r\n    2,\r\n    2\r\n  ],\r\n  \"frameMargin\": 5,\r\n  \"leftFrameMargin\": 15,\r\n  \"rightFrameMargin\": 0,\r\n  \"topFrameMargin\": 100,\r\n  \"mus\": {\r\n    \"colGutterMu\": \"%\",\r\n    \"rowGutterMu\": \"%\",\r\n    \"topFrameMu\": \"px\",\r\n    \"bottomFrameMu\": \"%\",\r\n    \"frameMu\": \"%\"\r\n  },\r\n  \"bottomFrameMargin\": 5,\r\n  \"rowAttrs\": [\r\n    {\r\n      \"bgimage\": {\r\n        \"attid\": 1764,\r\n        \"url\": \"\/wp-content\/uploads\/sites\/5\/2025\/11\/syriac.bowl_.jpg\",\r\n        \"sizes\": {\r\n          \"_1920\": {\r\n            \"w\": 1920,\r\n            \"h\": 2003,\r\n            \"url\": \"\/wp-content\/uploads\/sites\/5\/2025\/11\/syriac.bowl_-1920x2003.jpg\"\r\n          },\r\n          \"_1280\": {\r\n            \"w\": 1280,\r\n            \"h\": 1336,\r\n            \"url\": \"\/wp-content\/uploads\/sites\/5\/2025\/11\/syriac.bowl_-1280x1336.jpg\"\r\n          },\r\n          \"_1024\": {\r\n            \"w\": 1024,\r\n            \"h\": 1069,\r\n            \"url\": \"\/wp-content\/uploads\/sites\/5\/2025\/11\/syriac.bowl_-1024x1069.jpg\"\r\n          },\r\n          \"_768\": {\r\n            \"w\": 768,\r\n            \"h\": 801,\r\n            \"url\": \"\/wp-content\/uploads\/sites\/5\/2025\/11\/syriac.bowl_-768x801.jpg\"\r\n          },\r\n          \"_512\": {\r\n            \"w\": 512,\r\n            \"h\": 534,\r\n            \"url\": \"\/wp-content\/uploads\/sites\/5\/2025\/11\/syriac.bowl_-512x534.jpg\"\r\n          },\r\n          \"_265\": {\r\n            \"w\": 265,\r\n            \"h\": 277,\r\n            \"url\": \"\/wp-content\/uploads\/sites\/5\/2025\/11\/syriac.bowl_-265x277.jpg\"\r\n          }\r\n        }\r\n      },\r\n      \"relid\": 10\r\n    },\r\n    {\r\n      \"relid\": 1\r\n    },\r\n    {\r\n      \"relid\": 3\r\n    },\r\n    {\r\n      \"relid\": 13\r\n    },\r\n    {\r\n      \"relid\": 5\r\n    },\r\n    {\r\n      \"relid\": 16\r\n    },\r\n    {\r\n      \"relid\": 8\r\n    },\r\n    {\r\n      \"relid\": 9\r\n    },\r\n    {\r\n      \"relid\": 24\r\n    },\r\n    {\r\n      \"relid\": 29\r\n    },\r\n    {\r\n      \"relid\": 15\r\n    },\r\n    {\r\n      \"relid\": 19\r\n    },\r\n    {\r\n      \"relid\": 21\r\n    },\r\n    {\r\n      \"relid\": 22\r\n    }\r\n  ],\r\n  \"bgColor\": null,\r\n  \"bgImage\": null,\r\n  \"cont\": [\r\n    {\r\n      \"type\": \"hr\",\r\n      \"cont\": \"\",\r\n      \"align\": \"bottom\",\r\n      \"row\": 1,\r\n      \"col\": 0,\r\n      \"colspan\": 1,\r\n      \"offsetx\": 0,\r\n      \"offsety\": 0,\r\n      \"spaceabove\": 0,\r\n      \"spacebelow\": 0,\r\n      \"yvel\": 1,\r\n      \"push\": 0,\r\n      \"relid\": 2,\r\n      \"absolute_position\": false,\r\n      \"classes\": \"deco-line\",\r\n      \"textAnimation\": {\r\n        \"enableTextAnimation\": false\r\n      }\r\n    },\r\n    {\r\n      \"type\": \"text\",\r\n      \"cont\": \"<h1 class=\\\"_Headline\\\"><span style=\\\"text-indent: 0em;\\\">Semitistik im deutschsprachigen Raum<\/span><\/h1>\",\r\n      \"align\": \"top\",\r\n      \"row\": 2,\r\n      \"col\": 0,\r\n      \"colspan\": 2,\r\n      \"offsetx\": 0,\r\n      \"offsety\": 0,\r\n      \"spaceabove\": 0,\r\n      \"spacebelow\": 0,\r\n      \"yvel\": 1,\r\n      \"push\": 0,\r\n      \"relid\": 4,\r\n      \"absolute_position\": false,\r\n      \"textAnimation\": {\r\n        \"enableTextAnimation\": false\r\n      }\r\n    },\r\n    {\r\n      \"type\": \"news\",\r\n      \"cont\": \"\",\r\n      \"align\": \"top\",\r\n      \"row\": 2,\r\n      \"col\": 2,\r\n      \"colspan\": 1,\r\n      \"offsetx\": 0,\r\n      \"offsety\": 0,\r\n      \"spaceabove\": 0,\r\n      \"spacebelow\": 0,\r\n      \"yvel\": 1,\r\n      \"push\": 0,\r\n      \"relid\": 6,\r\n      \"config\": {\r\n        \"layout\": \"full\",\r\n        \"orderBy\": \"date\",\r\n        \"titleColor\": \"#000000\",\r\n        \"dateColor\": \"#000000\",\r\n        \"lineColor\": \"#FCFAF5\",\r\n        \"uniqueId\": 1731353170412,\r\n        \"title_textformat\": \"Default\",\r\n        \"show_title\": false,\r\n        \"date_textformat\": \"Default\",\r\n        \"excerpt_textformat\": \"Default\",\r\n        \"excerpt_spacetop\": 10,\r\n        \"separator_textformat\": \"Default\",\r\n        \"separator_text\": \"\u2013\",\r\n        \"separator_space\": 5,\r\n        \"line\": true,\r\n        \"space_below_line\": \"0\",\r\n        \"space_above_line\": \"0\",\r\n        \"show_separator\": false,\r\n        \"show_excerpt\": true,\r\n        \"show_date\": false,\r\n        \"date_format\": \"m.d.y\",\r\n        \"show_read_more\": true,\r\n        \"readmore_textformat\": \"Default\",\r\n        \"readmore_spacetop\": 0,\r\n        \"read_more_text\": \"Read more\u2026\",\r\n        \"read_more_underline\": true,\r\n        \"amount\": 0,\r\n        \"image_spaceright\": 10,\r\n        \"imageSpaceBottom\": 10,\r\n        \"show_date_first\": false,\r\n        \"cat_id\": 11,\r\n        \"desktop\": {\r\n          \"image_width\": 180,\r\n          \"colCount\": 4,\r\n          \"colGutter\": 20,\r\n          \"rowGutter\": 20,\r\n          \"colGutterMu\": \"px\",\r\n          \"rowGutterMu\": \"px\"\r\n        },\r\n        \"tablet\": {\r\n          \"image_width\": 150,\r\n          \"colCount\": 3,\r\n          \"colGutter\": 20,\r\n          \"rowGutter\": 20,\r\n          \"colGutterMu\": \"px\",\r\n          \"rowGutterMu\": \"px\"\r\n        },\r\n        \"phone\": {\r\n          \"image_width\": 100,\r\n          \"colCount\": 2,\r\n          \"colGutter\": 20,\r\n          \"rowGutter\": 20,\r\n          \"colGutterMu\": \"px\",\r\n          \"rowGutterMu\": \"px\"\r\n        },\r\n        \"columnsLayoutType\": \"top-aligned\",\r\n        \"showMoreButton\": false,\r\n        \"showMoreButtonStyle\": \"laybutton1\",\r\n        \"moreButtonText\": \"Load More\",\r\n        \"moreButtonAlignment\": \"center\",\r\n        \"moreButtonSpaceTop\": 10\r\n      },\r\n      \"absolute_position\": false,\r\n      \"classes\": \"bg-white pin-bar\",\r\n      \"textAnimation\": {\r\n        \"enableTextAnimation\": false\r\n      }\r\n    },\r\n    {\r\n      \"type\": \"text\",\r\n      \"cont\": \"<p><strong>Berlin<\/strong><\/p><p>Freie Universit\u00e4t Berlin<br \/>Fachbereich Gesichts- und Kulturwissenschaften<br \/><a href=\\\"https:\/\/www.geschkult.fu-berlin.de\/e\/semitistik\/index.html\\\">Institut f\u00fcr Semitistik<\/a><br \/>Fabeckstr. 23\/25<br \/>14195 Berlin<\/p>\",\r\n      \"align\": \"middle\",\r\n      \"row\": 3,\r\n      \"col\": 0,\r\n      \"colspan\": 2,\r\n      \"offsetx\": 0,\r\n      \"offsety\": 0,\r\n      \"spaceabove\": 0,\r\n      \"spacebelow\": 0,\r\n      \"yvel\": 1,\r\n      \"push\": 0,\r\n      \"relid\": 14,\r\n      \"classes\": \"outlined-2 box-shape\",\r\n      \"absolute_position\": false,\r\n      \"textAnimation\": {\r\n        \"enableTextAnimation\": false\r\n      }\r\n    },\r\n    {\r\n      \"type\": \"text\",\r\n      \"cont\": \"<p><strong>Erlangen<\/strong><\/p><p>Friedrich-Alexander-Universit\u00e4t Erlangen-N\u00fcrnberg<br \/>Institut f\u00fcr Sprachen und Kulturen des Nahen Ostens und Ostasiens <br \/><a href=\\\"https:\/\/www.orientalistik.phil.fau.de\/lehrstuehle\/arabistik-und-semitistik\/\\\">Lehrstuhl f\u00fcr Arabistik und Semitistik<\/a><br \/>Bismarckstra\u00dfe 1 <br \/>91054 Erlangen<\/p>\",\r\n      \"align\": \"middle\",\r\n      \"row\": 4,\r\n      \"col\": 0,\r\n      \"colspan\": 2,\r\n      \"offsetx\": 0,\r\n      \"offsety\": 0,\r\n      \"spaceabove\": 0,\r\n      \"spacebelow\": 0,\r\n      \"yvel\": 1,\r\n      \"push\": 0,\r\n      \"relid\": 7,\r\n      \"classes\": \"outlined-2 box-shape\",\r\n      \"absolute_position\": false,\r\n      \"textAnimation\": {\r\n        \"enableTextAnimation\": false\r\n      }\r\n    },\r\n    {\r\n      \"type\": \"text\",\r\n      \"cont\": \"<p><strong>Heidelberg<\/strong><\/p><p>Universit\u00e4t Heidelberg<br \/>Philosophische Fakult\u00e4t<br \/>Seminar f\u00fcr Sprachen und Kulturen des Vorderen Orients<br \/><a href=\\\"https:\/\/www.semitistik.uni-heidelberg.de\/de\\\">Institut f\u00fcr Semitistik<\/a><br \/>Schulgasse 2<br \/>69117 Heidelberg<\/p>\",\r\n      \"align\": \"middle\",\r\n      \"row\": 5,\r\n      \"col\": 0,\r\n      \"colspan\": 2,\r\n      \"offsetx\": 0,\r\n      \"offsety\": 0,\r\n      \"spaceabove\": 0,\r\n      \"spacebelow\": 0,\r\n      \"yvel\": 1,\r\n      \"push\": 0,\r\n      \"relid\": 17,\r\n      \"classes\": \"outlined-2 box-shape\",\r\n      \"absolute_position\": false,\r\n      \"textAnimation\": {\r\n        \"enableTextAnimation\": false\r\n      }\r\n    },\r\n    {\r\n      \"type\": \"text\",\r\n      \"cont\": \"<p><strong>Marburg<\/strong><\/p><p>Philipps-Universit\u00e4t Marburg<br \/><a href=\\\"https:\/\/www.uni-marburg.de\/de\/cnms\/semitistik\\\">Semitistik<\/a><br \/>Deutschhausstra\u00dfe 12 <br \/>35032 Marburg<\/p>\",\r\n      \"align\": \"middle\",\r\n      \"row\": 6,\r\n      \"col\": 0,\r\n      \"colspan\": 2,\r\n      \"offsetx\": 0,\r\n      \"offsety\": 0,\r\n      \"spaceabove\": 0,\r\n      \"spacebelow\": 0,\r\n      \"yvel\": 1,\r\n      \"push\": 0,\r\n      \"relid\": 11,\r\n      \"classes\": \"outlined-2 box-shape\",\r\n      \"absolute_position\": false,\r\n      \"textAnimation\": {\r\n        \"enableTextAnimation\": false\r\n      }\r\n    },\r\n    {\r\n      \"type\": \"text\",\r\n      \"cont\": \"<h1 class=\\\"_Headline\\\"><span style=\\\"text-indent: 0em;\\\">Weitere akademische Einheiten mit Forschungsschwerpunkten in der Semitistik<\/span><\/h1>\",\r\n      \"align\": \"middle\",\r\n      \"row\": 7,\r\n      \"col\": 0,\r\n      \"colspan\": 2,\r\n      \"offsetx\": 0,\r\n      \"offsety\": 0,\r\n      \"spaceabove\": 0,\r\n      \"spacebelow\": 0,\r\n      \"yvel\": 1,\r\n      \"push\": 0,\r\n      \"relid\": 12,\r\n      \"absolute_position\": false,\r\n      \"textAnimation\": {\r\n        \"enableTextAnimation\": false\r\n      }\r\n    },\r\n    {\r\n      \"type\": \"text\",\r\n      \"cont\": \"<p><strong>Eichst\u00e4tt-Ingolstadt<\/strong><\/p><p>Katholische Universit\u00e4t Eichst\u00e4tt-Ingolstadt<br \/><span>Theologische Fakult\u00e4t<\/span><br \/><span><a href=\\\"https:\/\/www.ku.de\/thf\/forschung\/forschungseinrichtungen\/forschungsstelle-christlicher-orient\\\">Forschungsstelle Christlicher Orient<\/a><br \/>Ostenstra\u00dfe 26-28 <br \/>85072 Eichst\u00e4tt<br \/><\/span><\/p>\",\r\n      \"align\": \"middle\",\r\n      \"row\": 8,\r\n      \"col\": 0,\r\n      \"colspan\": 2,\r\n      \"offsetx\": 0,\r\n      \"offsety\": 0,\r\n      \"spaceabove\": 0,\r\n      \"spacebelow\": 0,\r\n      \"yvel\": 1,\r\n      \"push\": 0,\r\n      \"relid\": 25,\r\n      \"classes\": \"outlined-2 box-shape\",\r\n      \"absolute_position\": false,\r\n      \"textAnimation\": {\r\n        \"enableTextAnimation\": false\r\n      }\r\n    },\r\n    {\r\n      \"type\": \"text\",\r\n      \"cont\": \"<p><strong>Halle (Salle)<\/strong><\/p><p><span>Martin-Luther-Universit\u00e4t Halle-Wittenberg<br \/>Philosophische Fakult\u00e4t I Sozialwissenschaften und historische Kulturwissenschaften<br \/>Orientalisches Institut<br \/><\/span><span><a href=\\\"https:\/\/www.christlicherorient.uni-halle.de\/\\\">Seminar Christlicher Orient und Byzanz<\/a><br \/>M\u00fchlweg 15 <br \/>06114 Halle (Saale)<br \/><\/span><\/p>\",\r\n      \"align\": \"middle\",\r\n      \"row\": 9,\r\n      \"col\": 0,\r\n      \"colspan\": 2,\r\n      \"offsetx\": 0,\r\n      \"offsety\": 0,\r\n      \"spaceabove\": 0,\r\n      \"spacebelow\": 0,\r\n      \"yvel\": 1,\r\n      \"push\": 0,\r\n      \"relid\": 31,\r\n      \"classes\": \"outlined-2 box-shape\",\r\n      \"absolute_position\": false,\r\n      \"textAnimation\": {\r\n        \"enableTextAnimation\": false\r\n      }\r\n    },\r\n    {\r\n      \"type\": \"text\",\r\n      \"cont\": \"<p><strong>Hamburg<\/strong><\/p><p><span>Universit\u00e4t Hamburg<br \/>Fakult\u00e4t f\u00fcr Geisteswissenschaften<br \/>Asien-Afrika-Institut<br \/><a href=\\\"https:\/\/www.aai.uni-hamburg.de\/afrika.html\\\">Abteilung f\u00fcr Afrikanistik und \u00c4thiopistik<\/a><br \/>Edmund-Siemers-Allee 1, Fl\u00fcgel Ost<br \/>20146 Hamburg<br \/><\/span><\/p>\",\r\n      \"align\": \"middle\",\r\n      \"row\": 10,\r\n      \"col\": 0,\r\n      \"colspan\": 2,\r\n      \"offsetx\": 0,\r\n      \"offsety\": 0,\r\n      \"spaceabove\": 0,\r\n      \"spacebelow\": 0,\r\n      \"yvel\": 1,\r\n      \"push\": 0,\r\n      \"relid\": 18,\r\n      \"classes\": \"outlined-2 box-shape\",\r\n      \"absolute_position\": false,\r\n      \"textAnimation\": {\r\n        \"enableTextAnimation\": false\r\n      }\r\n    },\r\n    {\r\n      \"type\": \"text\",\r\n      \"cont\": \"<p><strong>Heidelberg<\/strong><\/p><p><span>Hochschule f\u00fcr J\u00fcdische Studien Heidelberg<br \/><a href=\\\"https:\/\/www.hfjs.eu\/professuren\/hebraeische-sprachwissenschaft.html\\\">Hebr\u00e4ische Sprachwissenschaft<\/a> <br \/>Landfriedstra\u00dfe 12 <br \/>69117 Heidelberg<br \/><\/span><\/p>\",\r\n      \"align\": \"middle\",\r\n      \"row\": 11,\r\n      \"col\": 0,\r\n      \"colspan\": 2,\r\n      \"offsetx\": 0,\r\n      \"offsety\": 0,\r\n      \"spaceabove\": 0,\r\n      \"spacebelow\": 0,\r\n      \"yvel\": 1,\r\n      \"push\": 0,\r\n      \"relid\": 20,\r\n      \"classes\": \"outlined-2 box-shape\",\r\n      \"absolute_position\": false,\r\n      \"textAnimation\": {\r\n        \"enableTextAnimation\": false\r\n      }\r\n    },\r\n    {\r\n      \"type\": \"text\",\r\n      \"cont\": \"<p><strong>Jena<\/strong><\/p><p><span>Friedrich-Schiller-Universit\u00e4t Jena<br \/>Institut f\u00fcr Orientalistik, Indogermanistik, Ur- und Fr\u00fchgeschichtliche Arch\u00e4ologie<br \/><\/span><span><a href=\\\"https:\/\/www.gw.uni-jena.de\/1230\/arabistik-und-islamwissenschaft\\\">Arabistik und Islamwissenschaft<\/a><br \/>Zw\u00e4tzengasse 4<br \/>07743 Jena<br \/><\/span><\/p>\",\r\n      \"align\": \"middle\",\r\n      \"row\": 12,\r\n      \"col\": 0,\r\n      \"colspan\": 2,\r\n      \"offsetx\": 0,\r\n      \"offsety\": 0,\r\n      \"spaceabove\": 0,\r\n      \"spacebelow\": 0,\r\n      \"yvel\": 1,\r\n      \"push\": 0,\r\n      \"relid\": 26,\r\n      \"classes\": \"outlined-2 box-shape\",\r\n      \"absolute_position\": false,\r\n      \"textAnimation\": {\r\n        \"enableTextAnimation\": false\r\n      }\r\n    },\r\n    {\r\n      \"type\": \"text\",\r\n      \"cont\": \"<p><strong>Leipzig<\/strong><\/p><p><span>Universit\u00e4t Leipzig<br \/>Fakult\u00e4t f\u00fcr Geschichte, Kunst- und Regionalwissenschaften<br \/><a href=\\\"https:\/\/www.gkr.uni-leipzig.de\/altorientalisches-institut\\\">Altorientalisches Institut<\/a><br \/>Kroch-Hochhaus <br \/>Goethestra\u00dfe 2 <br \/>04109 Leipzig<br \/><\/span><\/p>\",\r\n      \"align\": \"middle\",\r\n      \"row\": 13,\r\n      \"col\": 0,\r\n      \"colspan\": 2,\r\n      \"offsetx\": 0,\r\n      \"offsety\": 0,\r\n      \"spaceabove\": 0,\r\n      \"spacebelow\": 0,\r\n      \"yvel\": 1,\r\n      \"push\": 0,\r\n      \"relid\": 27,\r\n      \"classes\": \"outlined-2 box-shape\",\r\n      \"absolute_position\": false,\r\n      \"textAnimation\": {\r\n        \"enableTextAnimation\": false\r\n      }\r\n    }\r\n  ]\r\n}","phonegrid":"","_links":{"self":[{"href":"https:\/\/dmg-web.de\/sektion-semitistik\/wp-json\/wp\/v2\/pages\/1772","targetHints":{"allow":["GET"]}}],"collection":[{"href":"https:\/\/dmg-web.de\/sektion-semitistik\/wp-json\/wp\/v2\/pages"}],"about":[{"href":"https:\/\/dmg-web.de\/sektion-semitistik\/wp-json\/wp\/v2\/types\/page"}],"author":[{"embeddable":true,"href":"https:\/\/dmg-web.de\/sektion-semitistik\/wp-json\/wp\/v2\/users\/8"}],"replies":[{"embeddable":true,"href":"https:\/\/dmg-web.de\/sektion-semitistik\/wp-json\/wp\/v2\/comments?post=1772"}],"version-history":[{"count":0,"href":"https:\/\/dmg-web.de\/sektion-semitistik\/wp-json\/wp\/v2\/pages\/1772\/revisions"}],"wp:attachment":[{"href":"https:\/\/dmg-web.de\/sektion-semitistik\/wp-json\/wp\/v2\/media?parent=1772"}],"curies":[{"name":"wp","href":"https:\/\/api.w.org\/{rel}","templated":true}]}}