{"id":1718,"date":"2025-01-23T12:34:06","date_gmt":"2025-01-23T11:34:06","guid":{"rendered":"https:\/\/dmg-web.de\/sektion-islamwissenschaft\/home-copy\/"},"modified":"2025-01-23T12:34:57","modified_gmt":"2025-01-23T11:34:57","slug":"home-english","status":"publish","type":"page","link":"https:\/\/dmg-web.de\/sektion-islamwissenschaft\/en\/home-english\/","title":{"rendered":"Home EN"},"content":{"rendered":"","protected":false},"excerpt":{"rendered":"","protected":false},"author":2,"featured_media":0,"parent":0,"menu_order":2,"comment_status":"closed","ping_status":"closed","template":"","meta":[],"class_list":["post-1718","page","type-page","status-publish","hentry"],"grid":"{\r\n  \"colCount\": 3,\r\n  \"colGutter\": 2,\r\n  \"rowGutters\": [\r\n    2,\r\n    1\r\n  ],\r\n  \"frameMargin\": 5,\r\n  \"leftFrameMargin\": 15,\r\n  \"rightFrameMargin\": 0,\r\n  \"topFrameMargin\": 45,\r\n  \"mus\": {\r\n    \"colGutterMu\": \"%\",\r\n    \"rowGutterMu\": \"%\",\r\n    \"topFrameMu\": \"px\",\r\n    \"bottomFrameMu\": \"%\",\r\n    \"frameMu\": \"%\"\r\n  },\r\n  \"bottomFrameMargin\": 5,\r\n  \"rowAttrs\": [\r\n    {\r\n      \"bgimage\": {\r\n        \"attid\": 1092,\r\n        \"url\": \"\/wp-content\/uploads\/sites\/3\/2024\/06\/DSC08681_wp_1.jpg\",\r\n        \"sizes\": {}\r\n      },\r\n      \"row100vh\": false,\r\n      \"bgimageopacity\": 66.09,\r\n      \"relid\": 20\r\n    },\r\n    {\r\n      \"relid\": 10\r\n    },\r\n    {\r\n      \"relid\": 2\r\n    }\r\n  ],\r\n  \"bgColor\": null,\r\n  \"bgImage\": null,\r\n  \"cont\": [\r\n    {\r\n      \"type\": \"img\",\r\n      \"cont\": \"\/wp-content\/uploads\/sites\/3\/2024\/11\/dmg_logo_sektion_islamwissenschaft.png\",\r\n      \"align\": \"top\",\r\n      \"row\": 0,\r\n      \"col\": 0,\r\n      \"colspan\": 2,\r\n      \"offsetx\": 0,\r\n      \"offsety\": 0,\r\n      \"spaceabove\": 5,\r\n      \"spacebelow\": 5,\r\n      \"yvel\": 1,\r\n      \"push\": 0,\r\n      \"relid\": 7,\r\n      \"attid\": 1612,\r\n      \"sizes\": {\r\n        \"full\": \"\/wp-content\/uploads\/sites\/3\/2024\/11\/dmg_logo_sektion_islamwissenschaft.png\",\r\n        \"_1280\": \"\/wp-content\/uploads\/sites\/3\/2024\/11\/dmg_logo_sektion_islamwissenschaft-1280x272.png\",\r\n        \"_1024\": \"\/wp-content\/uploads\/sites\/3\/2024\/11\/dmg_logo_sektion_islamwissenschaft-1024x218.png\",\r\n        \"_768\": \"\/wp-content\/uploads\/sites\/3\/2024\/11\/dmg_logo_sektion_islamwissenschaft-768x163.png\",\r\n        \"_512\": \"\/wp-content\/uploads\/sites\/3\/2024\/11\/dmg_logo_sektion_islamwissenschaft-512x109.png\",\r\n        \"_265\": \"\/wp-content\/uploads\/sites\/3\/2024\/11\/dmg_logo_sektion_islamwissenschaft-265x56.png\"\r\n      },\r\n      \"w\": 1500,\r\n      \"h\": 319,\r\n      \"ar\": 0.21266666666666667,\r\n      \"alt\": \"\",\r\n      \"absolute_position\": false,\r\n      \"lightboxoff\": true,\r\n      \"frameOverflow\": \"\"\r\n    },\r\n    {\r\n      \"type\": \"hr\",\r\n      \"cont\": \"\",\r\n      \"align\": \"top\",\r\n      \"row\": 1,\r\n      \"col\": 0,\r\n      \"colspan\": 1,\r\n      \"offsetx\": 0,\r\n      \"offsety\": 0,\r\n      \"spaceabove\": 0,\r\n      \"spacebelow\": 0,\r\n      \"yvel\": 1,\r\n      \"push\": 0,\r\n      \"relid\": 11,\r\n      \"absolute_position\": false,\r\n      \"zIndex\": 3,\r\n      \"classes\": \"deco-line\"\r\n    },\r\n    {\r\n      \"type\": \"stack\",\r\n      \"cont\": [\r\n        {\r\n          \"type\": \"text\",\r\n          \"cont\": \"<h1 class=\\\"_Headline\\\"><span>About<\/span><\/h1><p class=\\\"_Default\\\"><span>Die\u00a0<\/span><strong>Sektion Islamwissenschaft<\/strong><span> ist ein Zusammenschluss der mit der islamischen Welt und dem Islam befassten Mitglieder innerhalb der DMG. Aufgabe ist es, die Kontakte und die Zusammenarbeit zwischen diesen Wissenschaftlerinnen und Wissenschaftlern zu f\u00f6rdern und ein Forum f\u00fcr die Diskussion der Belange der Islamwissenschaft und der mit der islamischen Welt befassten F\u00e4cher zu bieten.<\/span><\/p><p class=\\\"_Default\\\"><span>Die Sektion ber\u00e4t den Vorstand der DMG in allen die Islamwissenschaft betreffenden Belangen, vertritt gemeinsam mit dem Vorstand der DMG die Interessen der Islamwissenschaft gegen\u00fcber Ministerien, Universit\u00e4tsverwaltungen und solchen Institutionen, die mit Forschungsf\u00f6rderung und -planung befasst sind, und beteiligt sich an der Vorbereitung und Durchf\u00fchrung des wissenschaftlichen Tagungsprogramms der Deutschen Orientalistentage f\u00fcr ihren Bereich.<\/span><\/p>\",\r\n          \"align\": \"top\",\r\n          \"row\": -1,\r\n          \"col\": 0,\r\n          \"colspan\": 2,\r\n          \"offsetx\": 0,\r\n          \"offsety\": 0,\r\n          \"spaceabove\": 0,\r\n          \"spacebelow\": 0,\r\n          \"yvel\": 1,\r\n          \"push\": 0,\r\n          \"relid\": 3,\r\n          \"absolute_position\": false,\r\n          \"zIndex\": 0\r\n        },\r\n        {\r\n          \"type\": \"text\",\r\n          \"cont\": \"<h2 class=\\\"_Headline_2\\\"><a rel=\\\"noopener\\\" href=\\\"https:\/\/www.dot2025.fau.de\/\\\" target=\\\"_blank\\\">35. Deutscher Orientalistentag DOT 2025<\/a><\/h2><h3 class=\\\"_Headline_3\\\">8.\u201312. September 2025 | FAU Erlangen-N\u00fcrnberg<\/h3><p class=\\\"_Default\\\">Der Deutsche Orientalistentag (DOT) ist die gr\u00f6\u00dfte Fachtagung der Orientalistik im deutschsprachigen Raum und ein international bedeutender Kongress der auf Sprachen, Kulturen und Gesellschaften des Nahen Ostens, Asiens und Afrikas bezogenen Forschung. Die Tagung wird in 21 fachspezifische Sektionen und einer Reihe von Panels gegliedert sein, die thematisch und organisatorisch den Sektionen angegliedert sind. Es ergeht die Einladung an Wissenschaftlerinnen und Wissenschaftler aller Karrierephasen, ihre Forschung auf dem 35. DOT vor einem Fachpublikum und der interessierten \u00d6ffentlichkeit zu pr\u00e4sentieren und zu diskutieren. Initiativen zur Publikation von Konferenzbeitr\u00e4gen werden von den Organisatoren ausdr\u00fccklich begr\u00fc\u00dft, im Rahmen des DOT stehen daf\u00fcr jedoch keine Mittel zur Verf\u00fcgung. Es wird ein kulturelles Begleitprogramm mit musikalischen Veranstaltungen und thematischen Exkursionen in die Region geben. N\u00e4here Informationen folgen. Ausgerichtet wird der 35. DOT von der Friedrich-Alexander-Universit\u00e4t Erlangen-N\u00fcrnberg (FAU) im Auftrag der Deutschen Morgenl\u00e4ndischen Gesellschaft (DMG).<\/p>\",\r\n          \"align\": \"middle\",\r\n          \"row\": -1,\r\n          \"col\": 0,\r\n          \"colspan\": 2,\r\n          \"offsetx\": 0,\r\n          \"offsety\": 0,\r\n          \"spaceabove\": 4,\r\n          \"spacebelow\": 0,\r\n          \"yvel\": 1,\r\n          \"push\": 0,\r\n          \"relid\": 16,\r\n          \"absolute_position\": false\r\n        }\r\n      ],\r\n      \"align\": \"top\",\r\n      \"row\": 2,\r\n      \"col\": 0,\r\n      \"colspan\": 2,\r\n      \"offsetx\": 0,\r\n      \"offsety\": 0,\r\n      \"spaceabove\": 0,\r\n      \"spacebelow\": 0,\r\n      \"yvel\": 1,\r\n      \"push\": 0,\r\n      \"relid\": 8,\r\n      \"absolute_position\": false\r\n    },\r\n    {\r\n      \"type\": \"news\",\r\n      \"cont\": \"\",\r\n      \"align\": \"top\",\r\n      \"row\": 2,\r\n      \"col\": 2,\r\n      \"colspan\": 1,\r\n      \"offsetx\": 0,\r\n      \"offsety\": 0,\r\n      \"spaceabove\": 0,\r\n      \"spacebelow\": 0,\r\n      \"yvel\": 1,\r\n      \"push\": 0,\r\n      \"relid\": 26,\r\n      \"config\": {\r\n        \"layout\": \"full\",\r\n        \"orderBy\": \"date\",\r\n        \"titleColor\": \"#000000\",\r\n        \"dateColor\": \"#000000\",\r\n        \"lineColor\": \"#FCFAF5\",\r\n        \"uniqueId\": 1731348665253,\r\n        \"title_textformat\": \"Default\",\r\n        \"show_title\": false,\r\n        \"date_textformat\": \"Default\",\r\n        \"excerpt_textformat\": \"Default\",\r\n        \"excerpt_spacetop\": 10,\r\n        \"separator_textformat\": \"Default\",\r\n        \"separator_text\": \"\u2013\",\r\n        \"separator_space\": 5,\r\n        \"line\": true,\r\n        \"space_below_line\": \"10\",\r\n        \"space_above_line\": \"10\",\r\n        \"show_separator\": false,\r\n        \"show_excerpt\": true,\r\n        \"show_date\": false,\r\n        \"date_format\": \"m.d.y\",\r\n        \"show_read_more\": true,\r\n        \"readmore_textformat\": \"Default\",\r\n        \"readmore_spacetop\": 0,\r\n        \"read_more_text\": \"Read more\u2026\",\r\n        \"read_more_underline\": true,\r\n        \"amount\": 0,\r\n        \"image_spaceright\": 10,\r\n        \"imageSpaceBottom\": 10,\r\n        \"show_date_first\": false,\r\n        \"cat_id\": 12,\r\n        \"desktop\": {\r\n          \"image_width\": 180,\r\n          \"colCount\": 4,\r\n          \"colGutter\": 20,\r\n          \"rowGutter\": 20,\r\n          \"colGutterMu\": \"px\",\r\n          \"rowGutterMu\": \"px\"\r\n        },\r\n        \"tablet\": {\r\n          \"image_width\": 150,\r\n          \"colCount\": 3,\r\n          \"colGutter\": 20,\r\n          \"rowGutter\": 20,\r\n          \"colGutterMu\": \"px\",\r\n          \"rowGutterMu\": \"px\"\r\n        },\r\n        \"phone\": {\r\n          \"image_width\": 100,\r\n          \"colCount\": 2,\r\n          \"colGutter\": 20,\r\n          \"rowGutter\": 20,\r\n          \"colGutterMu\": \"px\",\r\n          \"rowGutterMu\": \"px\"\r\n        },\r\n        \"columnsLayoutType\": \"top-aligned\",\r\n        \"showMoreButton\": false,\r\n        \"showMoreButtonStyle\": \"laybutton1\",\r\n        \"moreButtonText\": \"Load More\",\r\n        \"moreButtonAlignment\": \"center\",\r\n        \"moreButtonSpaceTop\": 10\r\n      },\r\n      \"absolute_position\": false,\r\n      \"classes\": \"bg-white pin-bar\"\r\n    }\r\n  ]\r\n}","phonegrid":"","_links":{"self":[{"href":"https:\/\/dmg-web.de\/sektion-islamwissenschaft\/wp-json\/wp\/v2\/pages\/1718","targetHints":{"allow":["GET"]}}],"collection":[{"href":"https:\/\/dmg-web.de\/sektion-islamwissenschaft\/wp-json\/wp\/v2\/pages"}],"about":[{"href":"https:\/\/dmg-web.de\/sektion-islamwissenschaft\/wp-json\/wp\/v2\/types\/page"}],"author":[{"embeddable":true,"href":"https:\/\/dmg-web.de\/sektion-islamwissenschaft\/wp-json\/wp\/v2\/users\/2"}],"replies":[{"embeddable":true,"href":"https:\/\/dmg-web.de\/sektion-islamwissenschaft\/wp-json\/wp\/v2\/comments?post=1718"}],"version-history":[{"count":0,"href":"https:\/\/dmg-web.de\/sektion-islamwissenschaft\/wp-json\/wp\/v2\/pages\/1718\/revisions"}],"wp:attachment":[{"href":"https:\/\/dmg-web.de\/sektion-islamwissenschaft\/wp-json\/wp\/v2\/media?parent=1718"}],"curies":[{"name":"wp","href":"https:\/\/api.w.org\/{rel}","templated":true}]}}