{"id":1704,"date":"2025-01-23T11:05:22","date_gmt":"2025-01-23T10:05:22","guid":{"rendered":"https:\/\/dmg-web.de\/sektion-indologie-suedasienstudien\/geschaeftsordnung-copy\/"},"modified":"2025-01-23T11:25:05","modified_gmt":"2025-01-23T10:25:05","slug":"rules-of-procedure","status":"publish","type":"page","link":"https:\/\/dmg-web.de\/sektion-indologie-suedasienstudien\/en\/rules-of-procedure\/","title":{"rendered":"Rules of procedure"},"content":{"rendered":"","protected":false},"excerpt":{"rendered":"","protected":false},"author":2,"featured_media":0,"parent":0,"menu_order":4,"comment_status":"closed","ping_status":"closed","template":"","meta":[],"class_list":["post-1704","page","type-page","status-publish","hentry"],"grid":"{\r\n  \"colCount\": 1,\r\n  \"colGutter\": 1,\r\n  \"rowGutters\": [\r\n    2,\r\n    1,\r\n    2\r\n  ],\r\n  \"frameMargin\": 5,\r\n  \"leftFrameMargin\": 15,\r\n  \"rightFrameMargin\": 10,\r\n  \"topFrameMargin\": 45,\r\n  \"mus\": {\r\n    \"colGutterMu\": \"%\",\r\n    \"rowGutterMu\": \"%\",\r\n    \"topFrameMu\": \"px\",\r\n    \"bottomFrameMu\": \"%\",\r\n    \"frameMu\": \"%\"\r\n  },\r\n  \"bottomFrameMargin\": 5,\r\n  \"rowAttrs\": [\r\n    {\r\n      \"bgimage\": {\r\n        \"attid\": 1657,\r\n        \"url\": \"\/wp-content\/uploads\/sites\/2\/2024\/12\/geschaeftsordnung_script_puzzle.jpg\",\r\n        \"sizes\": {\r\n          \"_1920\": {\r\n            \"w\": 1920,\r\n            \"h\": 1080,\r\n            \"url\": \"\/wp-content\/uploads\/sites\/2\/2024\/12\/geschaeftsordnung_script_puzzle-1920x1080.jpg\"\r\n          },\r\n          \"_1280\": {\r\n            \"w\": 1280,\r\n            \"h\": 720,\r\n            \"url\": \"\/wp-content\/uploads\/sites\/2\/2024\/12\/geschaeftsordnung_script_puzzle-1280x720.jpg\"\r\n          },\r\n          \"_1024\": {\r\n            \"w\": 1024,\r\n            \"h\": 576,\r\n            \"url\": \"\/wp-content\/uploads\/sites\/2\/2024\/12\/geschaeftsordnung_script_puzzle-1024x576.jpg\"\r\n          },\r\n          \"_768\": {\r\n            \"w\": 768,\r\n            \"h\": 432,\r\n            \"url\": \"\/wp-content\/uploads\/sites\/2\/2024\/12\/geschaeftsordnung_script_puzzle-768x432.jpg\"\r\n          },\r\n          \"_512\": {\r\n            \"w\": 512,\r\n            \"h\": 288,\r\n            \"url\": \"\/wp-content\/uploads\/sites\/2\/2024\/12\/geschaeftsordnung_script_puzzle-512x288.jpg\"\r\n          },\r\n          \"_265\": {\r\n            \"w\": 265,\r\n            \"h\": 149,\r\n            \"url\": \"\/wp-content\/uploads\/sites\/2\/2024\/12\/geschaeftsordnung_script_puzzle-265x149.jpg\"\r\n          }\r\n        }\r\n      },\r\n      \"row100vh\": false,\r\n      \"rowcustomheight\": \"18vh\",\r\n      \"relid\": 1\r\n    },\r\n    {\r\n      \"relid\": 28\r\n    },\r\n    {\r\n      \"relid\": 26\r\n    },\r\n    {\r\n      \"relid\": 7\r\n    }\r\n  ],\r\n  \"bgColor\": null,\r\n  \"bgImage\": null,\r\n  \"cont\": [\r\n    {\r\n      \"type\": \"hr\",\r\n      \"cont\": \"\",\r\n      \"align\": \"middle\",\r\n      \"row\": 1,\r\n      \"col\": 0,\r\n      \"colspan\": 1,\r\n      \"offsetx\": 0,\r\n      \"offsety\": 0,\r\n      \"spaceabove\": 0,\r\n      \"spacebelow\": 0,\r\n      \"yvel\": 1,\r\n      \"push\": 0,\r\n      \"relid\": 29,\r\n      \"absolute_position\": false,\r\n      \"frameOverflow\": \"\",\r\n      \"classes\": \"deco-line\"\r\n    },\r\n    {\r\n      \"type\": \"text\",\r\n      \"cont\": \"<p class=\\\"_Headline\\\">DEUTSCHE MORGENL\u00c4NDISCHE GESELLSCHAFT (DMG)<br \/>Section Indology und South Asian Studies<b><br \/><\/b><\/p><h1 class=\\\"_Headline_2\\\">Rules of procedure<\/h1>\",\r\n      \"align\": \"top\",\r\n      \"row\": 2,\r\n      \"col\": 0,\r\n      \"colspan\": 1,\r\n      \"offsetx\": 0,\r\n      \"offsety\": 0,\r\n      \"spaceabove\": 0,\r\n      \"spacebelow\": 0,\r\n      \"yvel\": 1,\r\n      \"push\": 0,\r\n      \"relid\": 27,\r\n      \"absolute_position\": false,\r\n      \"frameOverflow\": \"\"\r\n    },\r\n    {\r\n      \"type\": \"text\",\r\n      \"cont\": \"<ol><li>Die Sektion (im Sinne von \u00a7 2, Absatz 2, der Satzung der DMG) f\u00fchrt die Bezeichnung \\\"Indologie und S\u00fcdasienstudien\\\".<\/li><li>Die Sektion hat die Aufgabe,<ol><li>die Kontakte und die Zusammenarbeit zwischen den mit S\u00fcdasien befa\u00dften Wissenschaftlerinnen und Wissenschaftlern innerhalb und au\u00dferhalb der DMG zu f\u00f6rdern;<\/li><li>ein Forum f\u00fcr die Diskussion der Belange der Indologie und der s\u00fcdasienkundlichen F\u00e4cher zu bieten;<\/li><li>den Vorstand der DMG in allen die Indologie und die s\u00fcdasienkundlichen F\u00e4cher betreffenden Belangen zu beraten;<\/li><li>gemeinsam mit dem Vorstand der DMG die Interessen der Indologie und der s\u00fcdasienkundlichen F\u00e4cher gegen\u00fcber Ministerien, Universit\u00e4tsverwaltungen und solchen Instituten, die mit Forschungsf\u00f6rderung und -planung befa\u00dft sind, zu vertreten;<\/li><li>die Vorbereitung und Durchf\u00fchrung des wissenschaftlichen Tagungsprogramms der Deutschen Orientalistentage f\u00fcr ihren Bereich zu \u00fcbernehmen.<\/li><\/ol><\/li><li>Mitglieder der Sektion k\u00f6nnen alle diejenigen Mitglieder der DMG werden, die f\u00fcr die Sektion optieren. Die Mitgliedschaft in der Sektion erlischt bei Beendigung der Mitgliedschaft in der DMG oder bei Widerruf der Option. Option und Widerruf der Option erfolgen durch schriftliche Erkl\u00e4rung gegen\u00fcber der Sprecherin\/dem Sprecher oder deren\/dessen Stellvertreter(in). Gleichzeitige Mitgliedschaft in anderen Sektionen ist m\u00f6glich.<\/li><li>Die Sprecherin\/der Sprecher der Sektion wird auf einem jeden Deutschen Orientalistentag im Rahmen eines Sektionstreffens von den anwesenden Mitgliedern der Sektion in schriftlicher, geheimer Abstimmung gew\u00e4hlt. Gew\u00e4hlt ist diejenige Kandidatin\/derjenige Kandidat, die\/der die absolute Mehrheit der abgegebenen g\u00fcltigen Stimmen erh\u00e4lt. Stehen mehr als zwei Kandidat(inn)en zur Wahl und erh\u00e4lt niemand von diesen im ersten Wahlgang die absolute Mehrheit, entscheidet eine Stichwahl zwischen den beiden Kandidat(inn)en, die die meisten Stimmen erhalten haben. Entf\u00e4llt auf zwei Kandidat(inn)en die gleiche Zahl von Stimmen, so entscheidet das Los, das der Wahlleiter zieht. Die Amtszeit der Sprecherin\/des Sprechers endet jeweils mit dem Ende des Sektionstreffens, auf dem die neue Sprecherin\/der neue Sprecher gew\u00e4hlt wird. Wiederwahl ist m\u00f6glich.<\/li><li>Stellvertreterin\/Stellvertreter der Sprecherin\/des Sprechers der Sektion ist jeweils die Sprecherin\/der Sprecher der Sektion aus der vorangegangenen Amtsperiode. Bei Gr\u00fcndung der Sektion und in dem Fall, da\u00df die bisherige Sprecherin\/der bisherige Sprecher in die Stellvertretung nicht einr\u00fccken will oder kann, wird die Stellvertreterin\/der Stellvertreter nach der Sprecherin\/dem Sprecher wie diese\/dieser gew\u00e4hlt.<\/li><li>Tritt die Stellvertreterin\/der Stellvertreter vor Ablauf der Amtsperiode vom Amt zur\u00fcck oder ist sie\/er auf Dauer verhindert, so kooptiert die Sprecherin\/der Sprecher unter den Mitgliedern der Sektion eine Stellvertreterin\/einen Stellvertreter. Den Sektionsmitgliedern ist dar\u00fcber Mitteilung zu machen. Diese Regelung gilt entsprechend f\u00fcr den Fall, da\u00df die Stellvertreterin\/der Stellvertreter das Amt der Sprecherin\/des Sprechers auf Dauer \u00fcbernehmen mu\u00df.<\/li><li>Die Sprecherin\/der Sprecher und die stellvertretende Sprecherin\/der stellvertretende Sprecher vertreten die Sektion gegen\u00fcber dem Vorstand der DMG. Das Recht jedes Mitglieds der Sektion, sich als Mitglied der DMG direkt an den Vorstand zu wenden, bleibt unber\u00fchrt.<\/li><li>Sektionstreffen finden j\u00e4hrlich statt, jeweils gekoppelt an die Allgemeine Versammlung der DMG. Antr\u00e4ge zur Tagesordnung sind der Sprecherin\/dem Sprecher bis sechs Wochen vorher schriftlich zuzuleiten. Die Sprecherin\/der Sprecher l\u00e4dt die Mitglieder der Sektion vier Wochen vorher schriftlich unter Bekanntgabe der Tagesordnung ein. Die \u00fcber die Sektionstreffen angefertigten Beschlu\u00df- und Ergebnisprotokolle sind allen Mitgliedern der Sektion sowie der\/dem Vorsitzenden der DMG zuzusenden. Besteht in einem Jahr ausnahmsweise kein Anla\u00df f\u00fcr ein Sektionstreffen, so teilt die Sprecherin\/der Sprecher dies den Mitgliedern acht Wochen vor der Allgemeinen Versammlung der DMG mit.<\/li><li>Die Beschl\u00fcsse der Sektion werden mit einfacher Mehrheit der bei einem Sektionstreffen anwesenden Mitglieder gefa\u00dft. Ausnahmsweise kann die Sprecherin\/der Sprecher in dringenden Angelegenheiten die Beschlu\u00dffassung per Rundschreiben herbeif\u00fchren. F\u00fcr \u00c4nderungen der Gesch\u00e4ftsordnung der Sektion und f\u00fcr die Aufl\u00f6sung der Sektion, die nur auf einem anl\u00e4\u00dflich eines Deutschen Orientalistentages stattfindenden Sektionstreffen vorgenommen werden k\u00f6nnen, bedarf es einer Zweidrittelmehrheit der anwesenden Sektionsmitglieder.<\/li><\/ol>\",\r\n      \"align\": \"top\",\r\n      \"row\": 3,\r\n      \"col\": 0,\r\n      \"colspan\": 1,\r\n      \"offsetx\": 0,\r\n      \"offsety\": 0,\r\n      \"spaceabove\": 0,\r\n      \"spacebelow\": 0,\r\n      \"yvel\": 1,\r\n      \"push\": 0,\r\n      \"relid\": 8,\r\n      \"absolute_position\": false\r\n    }\r\n  ]\r\n}","phonegrid":"","_links":{"self":[{"href":"https:\/\/dmg-web.de\/sektion-indologie-suedasienstudien\/wp-json\/wp\/v2\/pages\/1704","targetHints":{"allow":["GET"]}}],"collection":[{"href":"https:\/\/dmg-web.de\/sektion-indologie-suedasienstudien\/wp-json\/wp\/v2\/pages"}],"about":[{"href":"https:\/\/dmg-web.de\/sektion-indologie-suedasienstudien\/wp-json\/wp\/v2\/types\/page"}],"author":[{"embeddable":true,"href":"https:\/\/dmg-web.de\/sektion-indologie-suedasienstudien\/wp-json\/wp\/v2\/users\/2"}],"replies":[{"embeddable":true,"href":"https:\/\/dmg-web.de\/sektion-indologie-suedasienstudien\/wp-json\/wp\/v2\/comments?post=1704"}],"version-history":[{"count":0,"href":"https:\/\/dmg-web.de\/sektion-indologie-suedasienstudien\/wp-json\/wp\/v2\/pages\/1704\/revisions"}],"wp:attachment":[{"href":"https:\/\/dmg-web.de\/sektion-indologie-suedasienstudien\/wp-json\/wp\/v2\/media?parent=1704"}],"curies":[{"name":"wp","href":"https:\/\/api.w.org\/{rel}","templated":true}]}}